2 - 14*z - 21. Let i be q(-5). Calculate the highest common factor of 42 and i.
6
Suppose -q + 5*q - 32 = 0. Let s(c) = c**3 + 8*c**2 + 8. Let n be s(-8). Calculate the greatest common divisor of q and n.
8
Let a = -1 - -10. Let m(h) = -2*h**3 - 2. Let d be m(-5). Let s = d - 149. Calculate the highest common factor of s and a.
9
Suppose 4*i - 24 = 13*g - 14*g, 5*i - 195 = -5*g. Calculate the highest common divisor of 1364 and g.
44
Let d(z) = -2*z**3 + 9*z + 6. Let y be d(-3). Let c = 28 - 17. Calculate the greatest common factor of c and y.
11
Let m = 6 - 2. Suppose t + m*t = v + 18, -4*v - 3*t = -20. Let n be 7/((-14)/(-20)) + v. What is the greatest common factor of 12 and n?
12
Let w(z) be the third derivative of 3*z**4/8 - z**3/2 - 8*z**2. Let t be w(2). Suppose -2*q = -t + 5. Calculate the highest common divisor of 1 and q.
1
Suppose j + j = 26. Suppose 0*m = -2*m + 4. Suppose 4*c - 242 = -2*d, -244 = -m*d - 4*c - c. What is the greatest common divisor of d and j?
13
Suppose 5*g - 4*q = 132, -g + 2*q - 10 + 40 = 0. Calculate the highest common factor of g and 108.
12
Let y be (1/(-1) - -2)*3. Let m be y/7 - (-235)/7. Let h = m + -23. What is the greatest common divisor of 77 and h?
11
Let l be (5/2)/(1/(-24)). Let g = l - -104. What is the greatest common factor of 22 and g?
22
Let w be (-18)/((-314)/62 + -14 + 19). What is the highest common factor of 62 and w?
31
Suppose 0 = 3*y + y - 48. Suppose -8*z + y*z - 156 = 0. Let t be 2/(-6) + 481/z. Calculate the highest common factor of t and 8.
4
Let d = -54 + 306. Calculate the greatest common factor of d and 924.
84
Suppose 5*h = -5*x + 120, -3*h - x + 5*x = -86. Suppose h*o - 28 = 22*o. What is the highest common factor of o and 28?
7
Suppose -20*d - 3648 = -68*d. What is the greatest common divisor of 38 and d?
38
Suppose 19*g + 3*y = 15*g + 75, 4*y = 4. Calculate the greatest common factor of 3420 and g.
18
Let r be (0 - -3)/3*-23. Let c = r + 43. Let l(k) = 32*k. Let t be l(5). Calculate the greatest common factor of t and c.
20
Suppose -2*z + 2*y = -4*z + 142, -3*z - 4*y = -216. What is the greatest common divisor of 12 and z?
4
Suppose 0 = 2*x - n - 267 - 214, -2*x = 4*n - 456. Calculate the greatest common factor of 70 and x.
14
Let c be (0 - 6)/(2/(-5)) + -1. Suppose 122 - c = o. Calculate the highest common divisor of o and 27.
27
Suppose 939 = -0*b + b + 4*g, 2*b = 5*g + 1839. Calculate the greatest common factor of b and 9.
9
Let r = -27 + 203. Calculate the highest common factor of r and 99.
11
Let m(d) = d**2 + 3*d - 9. Let v be m(3). Calculate the greatest common factor of v and 297.
9
Let y be (54/36)/(2/(-4)). Let b(c) = -3*c + 7. Let v be b(y). Let l(o) = 5*o**2. Let r be l(4). Calculate the greatest common factor of r and v.
16
Let h(j) = j**3 - 11*j**2 - 9*j - 27. Let z be h(12). Let p(i) = -i**3 + 8*i**2 - 14*i + 13. Let k be p(6). Calculate the highest common divisor of z and k.
1
Let r = 3 + 4. Suppose -r*a + 4*a + 105 = 0. Let m be (-2)/((-12)/14)*3. What is the highest common divisor of m and a?
7
Let k = 241 - 226. What is the highest common factor of 75 and k?
15
Suppose 0 = -106*z + 10555 - 2923. Suppose 0*o = o - 24. What is the greatest common divisor of z and o?
24
Suppose -5*m + 5*p + 584 = -326, 5*m - p - 930 = 0. What is the greatest common divisor of 33 and m?
11
Let j = -86 - -89. Let r be 6/45*j - 96/(-10). What is the greatest common divisor of r and 4?
2
Suppose -i + 4*h = 6*h - 125, 4*i = -h + 528. Let q = 81 + -83. Let d be q/((-240)/114 - -2). Calculate the greatest common factor of d and i.
19
Suppose 0 = 3*d - 2*d - 16. Let b = d - 12. Suppose 0 = -2*z + 20 + 4. What is the greatest common divisor of b and z?
4
Let g = -2415 + 2478. Suppose 3*w - 5 = -2*m, -4*m = 5*w - 18 + 5. Let k = m - 0. Calculate the highest common factor of k and g.
7
Let n be (36/(-15))/((-1)/(60/(-9))). Let d be -7*(n + (-12)/(-4)). Calculate the greatest common divisor of 13 and d.
13
Suppose 2*w + 757 + 123 = 4*o, -w = 5*o - 1107. What is the highest common divisor of 17 and o?
17
Let r be 3*68/(-12) + 4. Let n = r - -40. What is the greatest common divisor of n and 189?
27
Suppose 3*h = o - 20, -2*o - 3*o - 2*h + 66 = 0. What is the greatest common divisor of 301 and o?
7
Let f = -1577 + 1787. Calculate the highest common divisor of f and 270.
30
Let k be ((-8)/(-10))/((-12)/30). Let b be k*(-7)/(28/66). What is the highest common divisor of 22 and b?
11
Let m = 15 + -12. Suppose -o + 28 = m*o. What is the highest common factor of 7 and o?
7
Suppose -3*f = 3, 2*r + f - 17 = 4*f. Suppose 2*l = r*l - 110. Let w = 538 + -296. What is the highest common factor of w and l?
22
Let k = 23 + -24. Let d be ((-15)/3)/(k/1). Calculate the highest common divisor of 5 and d.
5
Let p be 14/(-2) - (-389 - 98). What is the highest common factor of 45 and p?
15
Let a = -39 + 85. Let o = -4 + a. Calculate the greatest common divisor of 28 and o.
14
Suppose -16*v + 6395 + 2325 = 0. What is the highest common divisor of 327 and v?
109
Let o = 3087 - 1673. Calculate the greatest common factor of 28 and o.
14
Suppose 2*l - 33 = 63. Suppose 4*d + 11*v - 32 = 13*v, -18 = -5*d - 3*v. Calculate the greatest common divisor of l and d.
6
Let g = 1196 + -403. What is the greatest common factor of 61 and g?
61
Suppose 4 = 11*s - 18. Let i = 82 - s. Calculate the highest common divisor of i and 10.
10
Suppose 3*u = -4*p + 19, 3*p - 1 = 4*u + 7. Let n be (1 + u)/(6/(-15)). Let s = 4 - n. What is the highest common divisor of 72 and s?
9
Suppose -1 + 11 = x. Suppose -2*y = 3140 - 3144. Calculate the greatest common divisor of y and x.
2
Suppose 3*u - 91 = n + 49, -3*u + 3*n = -150. Calculate the highest common divisor of u and 135.
45
Let r be 15*(-18)/120*-8. Suppose -u - 7*l + 2*l + 31 = 0, -7 = -2*u + l. What is the greatest common factor of r and u?
6
Let l(g) = 3*g - 5. Let p be l(24). Suppose 0 = 2*o - 5*y - p, 134 + 55 = 4*o + y. What is the highest common divisor of o and 69?
23
Let q(y) = 2*y**2 - y - 5. Let d be q(-2). Suppose -d*a - 67 = -352. Calculate the greatest common factor of 38 and a.
19
Suppose -8*t = 4*z - 3*t - 120, 3*z - 6*t = 129. Calculate the highest common factor of 155 and z.
5
Let x be (2/(18/(-15)))/(2/(-114)). Let t = x - -31. What is the greatest common divisor of 14 and t?
14
Suppose -26*m + 90 = -17*m. What is the greatest common divisor of m and 160?
10
Let a(j) = -3*j**3 + 2*j**2 + 2*j**3 + j + 0*j. Let d be a(-1). Suppose -4*r - d = -54. Calculate the greatest common factor of r and 52.
13
Let c(k) = 10*k**2 + 105*k + 14. Let l be c(-14). What is the highest common factor of l and 63?
63
Let x(z) = 6*z + 333. Let i be x(-43). Calculate the highest common factor of i and 400.
25
Suppose 143*b = 146*b + 315. Let i = b - -114. Calculate the greatest common factor of i and 63.
9
Suppose q + 37*q = 456. Let b(g) = -g**2 - 11*g. Let r be b(-6). What is the greatest common factor of q and r?
6
Let f be (-628)/(-471)*99/2. Calculate the greatest common factor of 44 and f.
22
Let c = 161 - 155. Calculate the greatest common factor of 94 and c.
2
Suppose -5*j + 0*j = -600. Let d = -169 + 189. What is the highest common factor of d and j?
20
Suppose 2*o - 2*p - 2*p = 36, -2*o - 4*p = -28. What is the highest common divisor of o and 784?
16
Suppose -2*b + 2 = 0, 0*o + 24 = 4*o + 4*b. Suppose x - 4 = 0, o*v + 4 = 3*v + 2*x. Suppose v*f + 3*f - 115 = 0. What is the highest common factor of f and 161?
23
Let y(t) = t**3 - 4*t**2 + 2*t - 3. Let r be y(5). Let z be 6/8*r/12. Calculate the highest common divisor of z and 2.
2
Suppose 0 = -w - 3*o + 69, 2*w - 5*o - 110 - 72 = 0. Calculate the greatest common factor of 27 and w.
27
Let x be 304/6 + 1 - (-650)/(-975). What is the greatest common factor of 1887 and x?
51
Let z be 13/(26/8)*8. What is the greatest common divisor of z and 80?
16
Let o be 4/(0 + 40) + (-169029)/(-210). What is the highest common divisor of o and 70?
35
Let n = -47 - -76. Suppose 3*w + n = 2. Let y = w + 18. Calculate the highest common factor of 63 and y.
9
Let h(g) = -g**3 + 6*g**2 - g + 5. Let d be h(6). Let y be (3/(-6))/((1/6)/d). What is the greatest common divisor of 15 and y?
3
Let z(g) = 2*g**2 + 7*g - 6. Let a be z(2). Let s(j) = j**3 + 7*j*